{"id":3263,"date":"2024-12-23T10:34:22","date_gmt":"2024-12-23T09:34:22","guid":{"rendered":"https:\/\/fadianaturo.com\/?page_id=3263"},"modified":"2024-12-23T10:37:13","modified_gmt":"2024-12-23T09:37:13","slug":"politique-de-confidentialite-2","status":"publish","type":"page","link":"https:\/\/fadianaturo.com\/index.php\/politique-de-confidentialite-2\/","title":{"rendered":"Politique de Confidentialit\u00e9"},"content":{"rendered":"\t\t<div data-elementor-type=\"wp-page\" data-elementor-id=\"3263\" class=\"elementor elementor-3263\">\n\t\t\t\t<div class=\"elementor-element elementor-element-6ae866d e-flex e-con-boxed e-con e-parent\" data-id=\"6ae866d\" data-element_type=\"container\" data-e-type=\"container\">\n\t\t\t\t\t<div class=\"e-con-inner\">\n\t\t\t\t<div class=\"elementor-element elementor-element-713ba0c3 elementor-widget elementor-widget-text-editor\" data-id=\"713ba0c3\" data-element_type=\"widget\" data-e-type=\"widget\" data-widget_type=\"text-editor.default\">\n\t\t\t\t<div class=\"elementor-widget-container\">\n\t\t\t\t\t\t\t\t\t\n<p><\/p>\n\n\n\n<h3 class=\"wp-block-heading\">1. Introduction<\/h3>\n\n\n\n<p>La pr\u00e9sente Politique de Confidentialit\u00e9 explique comment Fadianaturo.com collecte, utilise, et prot\u00e8ge les donn\u00e9es personnelles des utilisateurs du site Fadianaturo.com. Nous nous engageons \u00e0 respecter la vie priv\u00e9e de nos utilisateurs et \u00e0 prot\u00e9ger leurs donn\u00e9es conform\u00e9ment au R\u00e8glement G\u00e9n\u00e9ral sur la Protection des Donn\u00e9es (RGPD).<\/p>\n\n\n\n<h3 class=\"wp-block-heading\">2. Donn\u00e9es collect\u00e9es<\/h3>\n\n\n\n<p>Nous collectons les donn\u00e9es suivantes :<\/p>\n\n\n\n<ul class=\"wp-block-list\">\n<li><strong>Donn\u00e9es d\u2019identit\u00e9<\/strong> : Nom, pr\u00e9nom, adresse email, num\u00e9ro de t\u00e9l\u00e9phone.<\/li>\n\n\n\n<li><strong>Donn\u00e9es de navigation<\/strong> : Adresse IP, type de navigateur, dur\u00e9e de visite, pages consult\u00e9es.<\/li>\n<\/ul>\n\n\n\n<p>Ces donn\u00e9es sont collect\u00e9es via des formulaires ou directement lors de vos interactions avec notre site.<\/p>\n\n\n\n<h3 class=\"wp-block-heading\">3. Finalit\u00e9s de la collecte<\/h3>\n\n\n\n<p>Les donn\u00e9es collect\u00e9es sont utilis\u00e9es pour les finalit\u00e9s suivantes :<\/p>\n\n\n\n<ul class=\"wp-block-list\">\n<li>R\u00e9pondre \u00e0 vos demandes via le formulaire de contact.<\/li>\n\n\n\n<li>Am\u00e9liorer l\u2019exp\u00e9rience utilisateur sur le site.<\/li>\n\n\n\n<li>R\u00e9aliser des statistiques et mesurer l\u2019audience du site.<\/li>\n<\/ul>\n\n\n\n<h3 class=\"wp-block-heading\">4. Partage des donn\u00e9es<\/h3>\n\n\n\n<p>Vos donn\u00e9es personnelles ne sont jamais vendues \u00e0 des tiers. Toutefois, elles peuvent \u00eatre partag\u00e9es avec :<\/p>\n\n\n\n<ul class=\"wp-block-list\">\n<li>Des prestataires de services tiers (h\u00e9bergeurs, outils d\u2019analyse) dans la limite n\u00e9cessaire \u00e0 la r\u00e9alisation de leurs prestations.<\/li>\n\n\n\n<li>Les autorit\u00e9s judiciaires ou administratives en cas d\u2019obligation l\u00e9gale.<\/li>\n<\/ul>\n\n\n\n<h3 class=\"wp-block-heading\">5. Dur\u00e9e de conservation<\/h3>\n\n\n\n<p>Les donn\u00e9es personnelles sont conserv\u00e9es pendant une dur\u00e9e proportionnelle \u00e0 la finalit\u00e9 pour laquelle elles ont \u00e9t\u00e9 collect\u00e9es :<\/p>\n\n\n\n<ul class=\"wp-block-list\">\n<li>Donn\u00e9es de contact : 3 ans \u00e0 compter du dernier contact.<\/li>\n\n\n\n<li>Donn\u00e9es de navigation : 13 mois maximum.<\/li>\n<\/ul>\n\n\n\n<h3 class=\"wp-block-heading\">6. Vos droits<\/h3>\n\n\n\n<p>Conform\u00e9ment au RGPD, vous disposez des droits suivants :<\/p>\n\n\n\n<ul class=\"wp-block-list\">\n<li><strong>Droit d\u2019acc\u00e8s<\/strong> : Consulter les donn\u00e9es vous concernant.<\/li>\n\n\n\n<li><strong>Droit de rectification<\/strong> : Corriger des donn\u00e9es inexactes.<\/li>\n\n\n\n<li><strong>Droit \u00e0 l\u2019effacement<\/strong> : Demander la suppression de vos donn\u00e9es.<\/li>\n\n\n\n<li><strong>Droit d\u2019opposition<\/strong> : Refuser l\u2019utilisation de vos donn\u00e9es \u00e0 certaines fins.<\/li>\n\n\n\n<li><strong>Droit \u00e0 la limitation<\/strong> : Restreindre le traitement de vos donn\u00e9es dans certains cas.<\/li>\n<\/ul>\n\n\n\n<p>Pour exercer vos droits, contactez-nous \u00e0 : Email : benamarfadia@gmail.com<\/p>\n\n\n\n<h3 class=\"wp-block-heading\">7. Cookies<\/h3>\n\n\n\n<p>Notre site utilise des cookies pour :<\/p>\n\n\n\n<ul class=\"wp-block-list\">\n<li>Am\u00e9liorer votre navigation.<\/li>\n\n\n\n<li>R\u00e9aliser des statistiques.<\/li>\n<\/ul>\n\n\n\n<p>Lors de votre premi\u00e8re visite, un bandeau vous informe de l\u2019utilisation des cookies. Vous pouvez g\u00e9rer vos pr\u00e9f\u00e9rences \u00e0 tout moment.<\/p>\n\n\n\n<h3 class=\"wp-block-heading\">8. S\u00e9curit\u00e9 des donn\u00e9es<\/h3>\n\n\n\n<p>Nous mettons en place des mesures techniques et organisationnelles pour prot\u00e9ger vos donn\u00e9es contre les acc\u00e8s non autoris\u00e9s, la perte ou l\u2019alt\u00e9ration.<\/p>\n\n\n\n<h3 class=\"wp-block-heading\">9. Modifications de la Politique<\/h3>\n\n\n\n<p>Nous nous r\u00e9servons le droit de modifier cette Politique \u00e0 tout moment. Les modifications seront publi\u00e9es sur cette page avec la date de mise \u00e0 jour.<\/p>\n\n\n\n<p><strong>Mise \u00e0 jour :<\/strong> 23 d\u00e9cembre 2024.<\/p>\n\t\t\t\t\t\t\t\t<\/div>\n\t\t\t\t<\/div>\n\t\t\t\t\t<\/div>\n\t\t\t\t<\/div>\n\t\t\t\t<\/div>\n\t\t","protected":false},"excerpt":{"rendered":"<p>1. Introduction La pr\u00e9sente Politique de Confidentialit\u00e9 explique comment Fadianaturo.com collecte, utilise, et prot\u00e8ge les donn\u00e9es personnelles des utilisateurs du site Fadianaturo.com. Nous nous engageons \u00e0 respecter la vie priv\u00e9e de nos utilisateurs et \u00e0 prot\u00e9ger leurs donn\u00e9es conform\u00e9ment au R\u00e8glement G\u00e9n\u00e9ral sur la Protection des Donn\u00e9es (RGPD). 2. Donn\u00e9es collect\u00e9es Nous collectons les donn\u00e9es [&hellip;]<\/p>\n","protected":false},"author":1,"featured_media":0,"parent":0,"menu_order":0,"comment_status":"closed","ping_status":"closed","template":"template-no-page-header.php","meta":{"footnotes":""},"class_list":["post-3263","page","type-page","status-publish","hentry"],"yoast_head":"<!-- This site is optimized with the Yoast SEO plugin v25.2 - https:\/\/yoast.com\/wordpress\/plugins\/seo\/ -->\n<title>Politique de Confidentialit\u00e9 - Fadia Naturopathe<\/title>\n<meta name=\"robots\" content=\"index, follow, max-snippet:-1, max-image-preview:large, max-video-preview:-1\" \/>\n<link rel=\"canonical\" href=\"https:\/\/fadianaturo.com\/index.php\/politique-de-confidentialite-2\/\" \/>\n<meta property=\"og:locale\" content=\"fr_FR\" \/>\n<meta property=\"og:type\" content=\"article\" \/>\n<meta property=\"og:title\" content=\"Politique de Confidentialit\u00e9 - Fadia Naturopathe\" \/>\n<meta property=\"og:description\" content=\"1. Introduction La pr\u00e9sente Politique de Confidentialit\u00e9 explique comment Fadianaturo.com collecte, utilise, et prot\u00e8ge les donn\u00e9es personnelles des utilisateurs du site Fadianaturo.com. Nous nous engageons \u00e0 respecter la vie priv\u00e9e de nos utilisateurs et \u00e0 prot\u00e9ger leurs donn\u00e9es conform\u00e9ment au R\u00e8glement G\u00e9n\u00e9ral sur la Protection des Donn\u00e9es (RGPD). 2. Donn\u00e9es collect\u00e9es Nous collectons les donn\u00e9es [&hellip;]\" \/>\n<meta property=\"og:url\" content=\"https:\/\/fadianaturo.com\/index.php\/politique-de-confidentialite-2\/\" \/>\n<meta property=\"og:site_name\" content=\"Fadia Naturopathe\" \/>\n<meta property=\"article:modified_time\" content=\"2024-12-23T09:37:13+00:00\" \/>\n<meta name=\"twitter:card\" content=\"summary_large_image\" \/>\n<meta name=\"twitter:label1\" content=\"Dur\u00e9e de lecture estim\u00e9e\" \/>\n\t<meta name=\"twitter:data1\" content=\"2 minutes\" \/>\n<script type=\"application\/ld+json\" class=\"yoast-schema-graph\">{\"@context\":\"https:\/\/schema.org\",\"@graph\":[{\"@type\":\"WebPage\",\"@id\":\"https:\/\/fadianaturo.com\/index.php\/politique-de-confidentialite-2\/\",\"url\":\"https:\/\/fadianaturo.com\/index.php\/politique-de-confidentialite-2\/\",\"name\":\"Politique de Confidentialit\u00e9 - Fadia Naturopathe\",\"isPartOf\":{\"@id\":\"https:\/\/fadianaturo.com\/#website\"},\"datePublished\":\"2024-12-23T09:34:22+00:00\",\"dateModified\":\"2024-12-23T09:37:13+00:00\",\"breadcrumb\":{\"@id\":\"https:\/\/fadianaturo.com\/index.php\/politique-de-confidentialite-2\/#breadcrumb\"},\"inLanguage\":\"fr-FR\",\"potentialAction\":[{\"@type\":\"ReadAction\",\"target\":[\"https:\/\/fadianaturo.com\/index.php\/politique-de-confidentialite-2\/\"]}]},{\"@type\":\"BreadcrumbList\",\"@id\":\"https:\/\/fadianaturo.com\/index.php\/politique-de-confidentialite-2\/#breadcrumb\",\"itemListElement\":[{\"@type\":\"ListItem\",\"position\":1,\"name\":\"Home\",\"item\":\"https:\/\/fadianaturo.com\/\"},{\"@type\":\"ListItem\",\"position\":2,\"name\":\"Politique de Confidentialit\u00e9\"}]},{\"@type\":\"WebSite\",\"@id\":\"https:\/\/fadianaturo.com\/#website\",\"url\":\"https:\/\/fadianaturo.com\/\",\"name\":\"Fadia Naturopathe\",\"description\":\"Fadia, Naturopathe sur Paris\",\"publisher\":{\"@id\":\"https:\/\/fadianaturo.com\/#\/schema\/person\/fe0999b998500be5f4e40dcc30d7477d\"},\"potentialAction\":[{\"@type\":\"SearchAction\",\"target\":{\"@type\":\"EntryPoint\",\"urlTemplate\":\"https:\/\/fadianaturo.com\/?s={search_term_string}\"},\"query-input\":{\"@type\":\"PropertyValueSpecification\",\"valueRequired\":true,\"valueName\":\"search_term_string\"}}],\"inLanguage\":\"fr-FR\"},{\"@type\":[\"Person\",\"Organization\"],\"@id\":\"https:\/\/fadianaturo.com\/#\/schema\/person\/fe0999b998500be5f4e40dcc30d7477d\",\"name\":\"admin6379\",\"image\":{\"@type\":\"ImageObject\",\"inLanguage\":\"fr-FR\",\"@id\":\"https:\/\/fadianaturo.com\/#\/schema\/person\/image\/\",\"url\":\"https:\/\/fadianaturo.com\/wp-content\/uploads\/2024\/10\/cropped-cropped-Fadia-naturopathe-logo.png\",\"contentUrl\":\"https:\/\/fadianaturo.com\/wp-content\/uploads\/2024\/10\/cropped-cropped-Fadia-naturopathe-logo.png\",\"width\":153,\"height\":176,\"caption\":\"admin6379\"},\"logo\":{\"@id\":\"https:\/\/fadianaturo.com\/#\/schema\/person\/image\/\"},\"sameAs\":[\"http:\/\/fadianaturo.com\"]}]}<\/script>\n<!-- \/ Yoast SEO plugin. -->","yoast_head_json":{"title":"Politique de Confidentialit\u00e9 - Fadia Naturopathe","robots":{"index":"index","follow":"follow","max-snippet":"max-snippet:-1","max-image-preview":"max-image-preview:large","max-video-preview":"max-video-preview:-1"},"canonical":"https:\/\/fadianaturo.com\/index.php\/politique-de-confidentialite-2\/","og_locale":"fr_FR","og_type":"article","og_title":"Politique de Confidentialit\u00e9 - Fadia Naturopathe","og_description":"1. Introduction La pr\u00e9sente Politique de Confidentialit\u00e9 explique comment Fadianaturo.com collecte, utilise, et prot\u00e8ge les donn\u00e9es personnelles des utilisateurs du site Fadianaturo.com. Nous nous engageons \u00e0 respecter la vie priv\u00e9e de nos utilisateurs et \u00e0 prot\u00e9ger leurs donn\u00e9es conform\u00e9ment au R\u00e8glement G\u00e9n\u00e9ral sur la Protection des Donn\u00e9es (RGPD). 2. Donn\u00e9es collect\u00e9es Nous collectons les donn\u00e9es [&hellip;]","og_url":"https:\/\/fadianaturo.com\/index.php\/politique-de-confidentialite-2\/","og_site_name":"Fadia Naturopathe","article_modified_time":"2024-12-23T09:37:13+00:00","twitter_card":"summary_large_image","twitter_misc":{"Dur\u00e9e de lecture estim\u00e9e":"2 minutes"},"schema":{"@context":"https:\/\/schema.org","@graph":[{"@type":"WebPage","@id":"https:\/\/fadianaturo.com\/index.php\/politique-de-confidentialite-2\/","url":"https:\/\/fadianaturo.com\/index.php\/politique-de-confidentialite-2\/","name":"Politique de Confidentialit\u00e9 - Fadia Naturopathe","isPartOf":{"@id":"https:\/\/fadianaturo.com\/#website"},"datePublished":"2024-12-23T09:34:22+00:00","dateModified":"2024-12-23T09:37:13+00:00","breadcrumb":{"@id":"https:\/\/fadianaturo.com\/index.php\/politique-de-confidentialite-2\/#breadcrumb"},"inLanguage":"fr-FR","potentialAction":[{"@type":"ReadAction","target":["https:\/\/fadianaturo.com\/index.php\/politique-de-confidentialite-2\/"]}]},{"@type":"BreadcrumbList","@id":"https:\/\/fadianaturo.com\/index.php\/politique-de-confidentialite-2\/#breadcrumb","itemListElement":[{"@type":"ListItem","position":1,"name":"Home","item":"https:\/\/fadianaturo.com\/"},{"@type":"ListItem","position":2,"name":"Politique de Confidentialit\u00e9"}]},{"@type":"WebSite","@id":"https:\/\/fadianaturo.com\/#website","url":"https:\/\/fadianaturo.com\/","name":"Fadia Naturopathe","description":"Fadia, Naturopathe sur Paris","publisher":{"@id":"https:\/\/fadianaturo.com\/#\/schema\/person\/fe0999b998500be5f4e40dcc30d7477d"},"potentialAction":[{"@type":"SearchAction","target":{"@type":"EntryPoint","urlTemplate":"https:\/\/fadianaturo.com\/?s={search_term_string}"},"query-input":{"@type":"PropertyValueSpecification","valueRequired":true,"valueName":"search_term_string"}}],"inLanguage":"fr-FR"},{"@type":["Person","Organization"],"@id":"https:\/\/fadianaturo.com\/#\/schema\/person\/fe0999b998500be5f4e40dcc30d7477d","name":"admin6379","image":{"@type":"ImageObject","inLanguage":"fr-FR","@id":"https:\/\/fadianaturo.com\/#\/schema\/person\/image\/","url":"https:\/\/fadianaturo.com\/wp-content\/uploads\/2024\/10\/cropped-cropped-Fadia-naturopathe-logo.png","contentUrl":"https:\/\/fadianaturo.com\/wp-content\/uploads\/2024\/10\/cropped-cropped-Fadia-naturopathe-logo.png","width":153,"height":176,"caption":"admin6379"},"logo":{"@id":"https:\/\/fadianaturo.com\/#\/schema\/person\/image\/"},"sameAs":["http:\/\/fadianaturo.com"]}]}},"_links":{"self":[{"href":"https:\/\/fadianaturo.com\/index.php\/wp-json\/wp\/v2\/pages\/3263","targetHints":{"allow":["GET"]}}],"collection":[{"href":"https:\/\/fadianaturo.com\/index.php\/wp-json\/wp\/v2\/pages"}],"about":[{"href":"https:\/\/fadianaturo.com\/index.php\/wp-json\/wp\/v2\/types\/page"}],"author":[{"embeddable":true,"href":"https:\/\/fadianaturo.com\/index.php\/wp-json\/wp\/v2\/users\/1"}],"replies":[{"embeddable":true,"href":"https:\/\/fadianaturo.com\/index.php\/wp-json\/wp\/v2\/comments?post=3263"}],"version-history":[{"count":8,"href":"https:\/\/fadianaturo.com\/index.php\/wp-json\/wp\/v2\/pages\/3263\/revisions"}],"predecessor-version":[{"id":3278,"href":"https:\/\/fadianaturo.com\/index.php\/wp-json\/wp\/v2\/pages\/3263\/revisions\/3278"}],"wp:attachment":[{"href":"https:\/\/fadianaturo.com\/index.php\/wp-json\/wp\/v2\/media?parent=3263"}],"curies":[{"name":"wp","href":"https:\/\/api.w.org\/{rel}","templated":true}]}}